ivided by v/4*-1*4?
1
Let l = -877 + 964. Calculate the remainder when 432 is divided by l.
84
Let k(x) = -3*x - 27. Let s(m) = m**2 + 8*m - 7. Let j be s(-7). What is the remainder when k(j) is divided by 8?
7
Let t be (-1)/(-3)*(6 + 3). Suppose -t*z = -89 + 38. Let l = 15 + -5. What is the remainder when z is divided by l?
7
Let l(f) = -f**2 + 13*f - 7. Let z be l(9). Suppose q - z = -0*q - x, -2*q + x = -49. Calculate the remainder when q is divided by 6.
2
Let z(x) = 3*x - 11. Let f be z(14). Suppose n - 20 = -6. Let b = f - n. What is the remainder when 49 is divided by b?
15
Suppose 2*c - 73 = c - 5*q, 2*q = 2*c - 134. What is the remainder when c is divided by 18?
14
Suppose 3*h + 10 = 8*h. Let u be (2 - -1)*4/h. Let s(o) = o**3 - 6*o**2 + o + 5. Calculate the remainder when 21 is divided by s(u).
10
Let g = 3 + 20. Suppose 814 = 20*x - 326. What is the remainder when x is divided by g?
11
Suppose 6*o - 2*o + 16 = 0. Let q be 14/o*4/(-7). Suppose -2*b = 3*a - 166, -q*b + 39 = -3*a - 139. Calculate the remainder when b is divided by 22.
20
Let y be (-17 + (7 - 4))*-1. What is the remainder when (-132)/y*(-6 + -1) is divided by (85/10)/(2/4)?
15
Suppose -4*u = 3*q - 187, 5*q + 10*u = 5*u + 315. What is the remainder when q is divided by 15?
5
Calculate the remainder when 483 is divided by (16/12)/(4/291).
95
Let d = -4 + 7. Suppose -b - d*a - 3 = 3, 3*a = b - 12. Suppose q - 5*h - b = 0, 4*q + 1 - 13 = -4*h. What is the remainder when 4 is divided by q?
1
Let p(q) = q**2 - 7*q + 8. Let t be p(6). Suppose -15 - 7 = -t*a - 4*f, 0 = a - f - 5. Calculate the remainder when 13 is divided by a.
6
Let f = 263 + -185. Suppose -4*g - 2 = -f. Suppose g + 65 = 3*a. Calculate the remainder when 109 is divided by a.
25
Let p = 104 - 104. Let v be (-2)/(-2) + 2 + 1. Suppose 0 = -p*k - k + v. Calculate the remainder when 13 is divided by k.
1
Let u(n) = 3*n**2 - n - 4. Suppose 13*k = -2020 + 2319. Calculate the remainder when u(5) is divided by k.
20
Suppose 221 - 831 = -5*t. What is the remainder when t is divided by 46?
30
Let h(i) = 13*i**3 - 17*i + 49. What is the remainder when h(3) is divided by 36?
25
Let i(a) = a**3 - 9*a**2 + a + 13. Suppose 0*k - 10 = -2*b - 3*k, 2 = -b + 2*k. Let s = 10 + b. Calculate the remainder when i(9) is divided by s.
10
Let k = -41 - -44. Suppose -76 = -k*u + 41. Calculate the remainder when u is divided by 7.
4
Let a(u) = -u**3 - 5*u**2 + 14*u - 5. Let h(n) = -8*n**3 + n - 1. Let c be h(1). What is the remainder when a(c) is divided by 19?
18
Let v = -30 + 39. Let w = 48 - -13. Calculate the remainder when w is divided by v.
7
Let g(w) = w**2 + 15*w + 7. Let i be g(-14). Let r(y) = -y**3 - 6*y**2 + 7*y - 5. Let u be r(i). What is the remainder when 86 is divided by (-15)/u*(-22)/(-3)?
20
Calculate the remainder when (-1 - -61) + (4/1 - 11) is divided by 28.
25
Let t(h) = -h + 11. Let q be t(7). Suppose 4*w = -q*f + 92, 2*w + 3*f - 50 = -1. What is the remainder when 33 is divided by w?
13
Suppose 458 - 50 = 24*x. Calculate the remainder when 100 is divided by x.
15
Let i(c) = -c**3 - 6*c**2 - 5*c - 2. Let v be i(-5). Let u = 333 + -320. Calculate the remainder when (v + -1)/((-9)/114) is divided by u.
12
Let c = 63 - 59. Suppose 2*x + n = 196, -237 = -4*x + c*n + 155. Calculate the remainder when x is divided by 11.
10
Suppose -12*k - 2221 + 13897 = 0. What is the remainder when k is divided by 25?
23
Let o(q) = -q**3 - 6*q**2 + q + 8. Suppose -4*d - 4 = -5*d. Suppose -d - 2 = r. What is the remainder when o(r) is divided by 1?
0
Suppose -2*u - 3*d = -9, -43 = -3*u + 3*d - 7. Calculate the remainder when 19 is divided by u.
1
Let k(f) = 12*f**2 - 3*f - 4. Let o be 6 + 8/4 + -4. Let w be o*(-4)/24*3. What is the remainder when k(w) is divided by 26?
24
Let y = -14 - 7. Let o = y - -31. Calculate the remainder when (2 - 92/o)*-5 is divided by 13.
10
Suppose 5*z + 14 = 4*i - 16, -5*i + 15 = 5*z. Let r be ((-9)/(-6))/((-18)/(-204)). Suppose r - 2 = 5*o. Calculate the remainder when i is divided by o.
2
Suppose 0*n + 2 = -n - 2*b, 12 = 4*n + 3*b. Suppose 0 = 4*x - 147 + 147. Suppose -y = -x*y - n. Calculate the remainder when 12 is divided by y.
0
Suppose -4*l + 5*j + 124 = j, 38 = 2*l + 4*j. What is the remainder when 133 is divided by l?
25
Suppose -5*s + 2 = -4*s. Calculate the remainder when ((-1)/6)/(4/6)*-244 is divided by 2 + -4 - (-36)/s.
13
Suppose -3*f + 5*b = 0, 4*f - 12 = 3*b - 1. Let n = 26 - 41. What is the remainder when f is divided by (-4)/(-5)*n/(-6)?
1
Let m(f) = -5*f**2 - 35*f + 24. Calculate the remainder when m(-7) is divided by 21.
3
Let f(r) = r**2 - 8*r + 8. Let y be f(7). Suppose 4*d = -5*k - 0 - 5, 2*d - y = k. Suppose 0 = 4*n - d*n - 36. Calculate the remainder when n is divided by 5.
4
Let w(m) = -m**3 - m**2 + m + 13. Let g = -5 + 7. Suppose 10 + 166 = 5*d + 4*f, -71 = -g*d - f. Calculate the remainder when d is divided by w(0).
10
Let k(q) = -42*q. Calculate the remainder when 249 is divided by k(-1).
39
Let z = 48 + -52. Calculate the remainder when (2/(20/405))/((-2)/z) is divided by 14.
11
Let s = 444 + -398. What is the remainder when 60 is divided by s?
14
Let i be 75/(-12) + (-1)/(-4). Let m(z) = -z**2 - 8*z - 2. Let b be m(i). Suppose -27 = -13*g + b*g. What is the remainder when g is divided by 6?
3
Suppose 8*h - 219 = 549. Let o be 2*67*(-1)/2. Let f = o + h. What is the remainder when 85 is divided by f?
27
Let m(r) = -19*r + 11*r + 11*r - 15 + r**2. What is the remainder when m(-12) is divided by 32?
29
Let s be -3 + 2/2 + 0. Let c = s + 5. Let y = -271 + 282. What is the remainder when y is divided by c?
2
Let q(x) be the second derivative of x**4/12 - x**3/6 + x**2 + 13*x. Calculate the remainder when 42 is divided by q(5).
20
Let l = 15 - 5. Let b(r) = -5 + 5 + l*r - 8*r. Calculate the remainder when 52 is divided by b(9).
16
What is the remainder when 234 is divided by -9*(-6 + 3) + 0 + 3?
24
Calculate the remainder when 487 is divided by (-47*12)/(-6) + -5 + 9.
95
Let h(l) = -14*l - 21. Let s(i) = -5*i - 7. Let c(j) = 6*h(j) - 17*s(j). Let z be c(-4). Let n(t) = t + 18. Calculate the remainder when 18 is divided by n(z).
4
Suppose 15*p - 285 = 12*p. Let f = -38 + p. Let t(x) = -3*x - 7. Calculate the remainder when f is divided by t(-9).
17
Calculate the remainder when -7 + 236/32 + (-621)/(-8) is divided by 18.
6
Suppose 5*k - 10 - 10 = 2*q, -2*k = -2*q - 14. Let u = 5 + q. Suppose x + u*x + 5*j = 33, 6 = 2*j. Calculate the remainder when x is divided by 5.
3
Let p(t) = t**2 + 10*t + 13. Let j be p(-9). Suppose f = j*b + 2, -3*f = -5*b - 17 - 24. Suppose -15 + 97 = 2*k. What is the remainder when k is divided by f?
19
Suppose 5*j + 175 = 5*t, 3*t + j - 150 = -41. What is the remainder when 214 is divided by t?
34
Let g = -1381 - -1390. Suppose -5*f + 108 = -2*y - 152, -175 = -3*f + 5*y. Calculate the remainder when f is divided by g.
5
Suppose l - h + 2 = 12, -25 = -3*l + 2*h. Let v(q) = -2*q + 15. Calculate the remainder when 8 is divided by v(l).
3
Let w(j) be the second derivative of -2*j**3/3 + j**2 - 3*j - 1. Let q be (-6)/2 + -1 + 1. Calculate the remainder when 55 is divided by w(q).
13
Let c be (-21)/(-6)*4/7. Let f = -3 - -5. What is the remainder when 4 + -2 + c + -2 is divided by f?
0
Suppose -5*a + 468 - 18 = 0. What is the remainder when a is divided by 25?
15
Suppose -2*q + 402 = -3*y + 15, 5*q - 2*y = 973. What is the remainder when q is divided by 7?
6
Let t = -359 - -386. Calculate the remainder when 30 is divided by t.
3
Let k = -642 - -670. Calculate the remainder when 54 is divided by k.
26
Suppose -3*u - 2*l + 192 = 0, 3*u + 2*l = -2*l + 192. What is the remainder when 382 is divided by u?
62
Suppose 122*q - 347 = 117*q + s, -217 = -3*q + 5*s. What is the remainder when q is divided by 15?
9
Let h = 255 + -246. Suppose 0 = k - 4*k + 9. Let y(d) = 3*d**2 - 2. What is the remainder when y(k) is divided by h?
7
What is the remainder when (-2)/(-7) + (-2392)/(-56) is divided by 19?
5
Let q(t) = 2*t**2 - 121*t + 420. What is the remainder when q(58) is divided by 15?
10
Let b = -29 + 62. Let t = -29 - -24. Calculate the remainder when b is divided by (-24)/(-40) - 87/t.
15
Suppose 0 = 2*t - 855 + 297. Suppose -4*b = -b - t. Calculate the remainder when b